{"id":3296,"date":"2023-04-04T04:55:45","date_gmt":"2023-04-04T04:55:45","guid":{"rendered":"https:\/\/cede.izt.uam.mx\/?page_id=3296"},"modified":"2023-11-15T17:07:15","modified_gmt":"2023-11-15T17:07:15","slug":"tepjf","status":"publish","type":"page","link":"https:\/\/cede.izt.uam.mx\/index.php\/tepjf\/","title":{"rendered":"TEPJF"},"content":{"rendered":"\n<div class=\"wp-block-media-text alignwide is-stacked-on-mobile\" style=\"grid-template-columns:25% auto\"><figure class=\"wp-block-media-text__media\"><img fetchpriority=\"high\" decoding=\"async\" width=\"893\" height=\"1024\" src=\"https:\/\/cede.izt.uam.mx\/wp-content\/uploads\/2023\/04\/tepjf-893x1024.png\" alt=\"\" class=\"wp-image-3297 size-full\" srcset=\"https:\/\/cede.izt.uam.mx\/wp-content\/uploads\/2023\/04\/tepjf-893x1024.png 893w, https:\/\/cede.izt.uam.mx\/wp-content\/uploads\/2023\/04\/tepjf-262x300.png 262w, https:\/\/cede.izt.uam.mx\/wp-content\/uploads\/2023\/04\/tepjf-768x881.png 768w, https:\/\/cede.izt.uam.mx\/wp-content\/uploads\/2023\/04\/tepjf.png 1200w\" sizes=\"(max-width: 893px) 100vw, 893px\" \/><\/figure><div class=\"wp-block-media-text__content\">\n<p class=\"has-text-align-center\">En este espacio podr\u00e1s consultar el seguimiento de los Boletines de Prensa del Tribunal Electoral del Poder Judicial de la Federaci\u00f3n (TEPJF), as\u00ed como su p\u00e1gina web y algunos sitios de inter\u00e9s:<br><\/p>\n\n\n\n<div class=\"wp-block-buttons is-content-justification-center is-layout-flex wp-container-core-buttons-is-layout-a89b3969 wp-block-buttons-is-layout-flex\">\n<div class=\"wp-block-button\"><a class=\"wp-block-button__link has-text-align-center wp-element-button\" href=\"https:\/\/www.te.gob.mx\/\" target=\"_blank\" rel=\"noreferrer noopener\">TEPJF<\/a><\/div>\n<\/div>\n<\/div><\/div>\n\n\n\n<div style=\"height:100px\" aria-hidden=\"true\" class=\"wp-block-spacer\"><\/div>\n\n\n\n<p class=\"has-text-align-center has-medium-font-size\"><strong>Seguimiento del TEPJF<\/strong> <strong>2023<\/strong><\/p>\n\n\n\n<div style=\"height:50px\" aria-hidden=\"true\" class=\"wp-block-spacer\"><\/div>\n\n\n\n<div data-wp-interactive=\"core\/file\" class=\"wp-block-file\"><object data-wp-bind--hidden=\"!state.hasPdfPreview\" hidden class=\"wp-block-file__embed\" data=\"https:\/\/cede.izt.uam.mx\/wp-content\/uploads\/2023\/11\/TEPJF-2023.pdf\" type=\"application\/pdf\" style=\"width:100%;height:800px\" aria-label=\"Incrustado de TEPJF 2023.\"><\/object><a id=\"wp-block-file--media-e41145c2-d361-4a22-a15b-cf002e42a167\" href=\"https:\/\/cede.izt.uam.mx\/wp-content\/uploads\/2023\/11\/TEPJF-2023.pdf\">TEPJF 2023<\/a><a href=\"https:\/\/cede.izt.uam.mx\/wp-content\/uploads\/2023\/11\/TEPJF-2023.pdf\" class=\"wp-block-file__button wp-element-button\" download aria-describedby=\"wp-block-file--media-e41145c2-d361-4a22-a15b-cf002e42a167\">Descarga<\/a><\/div>\n\n\n\n<div style=\"height:50px\" aria-hidden=\"true\" class=\"wp-block-spacer\"><\/div>\n\n\n\n<div class=\"wp-block-columns is-layout-flex wp-container-core-columns-is-layout-28f84493 wp-block-columns-is-layout-flex\">\n<div class=\"wp-block-column is-layout-flow wp-block-column-is-layout-flow\">\n<div class=\"wp-block-buttons is-content-justification-center is-layout-flex wp-container-core-buttons-is-layout-a89b3969 wp-block-buttons-is-layout-flex\">\n<div class=\"wp-block-button\"><a class=\"wp-block-button__link wp-element-button\" href=\"https:\/\/www.te.gob.mx\/front3\/ContenidoSalas\/acercaDe\" target=\"_blank\" rel=\"noreferrer noopener\">Acerca del TEPJF<\/a><\/div>\n<\/div>\n<\/div>\n\n\n\n<div class=\"wp-block-column is-layout-flow wp-block-column-is-layout-flow\">\n<div class=\"wp-block-buttons is-content-justification-center is-layout-flex wp-container-core-buttons-is-layout-a89b3969 wp-block-buttons-is-layout-flex\">\n<div class=\"wp-block-button\"><a class=\"wp-block-button__link wp-element-button\" href=\"https:\/\/www.te.gob.mx\/buscador\/\" target=\"_blank\" rel=\"noreferrer noopener\">Buscador de Sentencias<\/a><\/div>\n<\/div>\n<\/div>\n\n\n\n<div class=\"wp-block-column is-layout-flow wp-block-column-is-layout-flow\">\n<div class=\"wp-block-buttons is-content-justification-center is-layout-flex wp-container-core-buttons-is-layout-a89b3969 wp-block-buttons-is-layout-flex\">\n<div class=\"wp-block-button\"><a class=\"wp-block-button__link wp-element-button\" href=\"https:\/\/www.te.gob.mx\/front3\/publicSessions\" target=\"_blank\" rel=\"noreferrer noopener\">Sesiones P\u00fablicas<\/a><\/div>\n<\/div>\n<\/div>\n<\/div>\n\n\n\n<div class=\"wp-block-columns is-layout-flex wp-container-core-columns-is-layout-28f84493 wp-block-columns-is-layout-flex\">\n<div class=\"wp-block-column is-layout-flow wp-block-column-is-layout-flow\">\n<div class=\"wp-block-buttons is-content-justification-center is-layout-flex wp-container-core-buttons-is-layout-a89b3969 wp-block-buttons-is-layout-flex\">\n<div class=\"wp-block-button\"><a class=\"wp-block-button__link wp-element-button\" href=\"https:\/\/www.te.gob.mx\/ventanillaJudicialElectronica\/\" target=\"_blank\" rel=\"noreferrer noopener\">Ventanilla Judicial Electr\u00f3nica<\/a><\/div>\n<\/div>\n<\/div>\n\n\n\n<div class=\"wp-block-column is-layout-flow wp-block-column-is-layout-flow\">\n<div class=\"wp-block-buttons is-content-justification-center is-layout-flex wp-container-core-buttons-is-layout-a89b3969 wp-block-buttons-is-layout-flex\">\n<div class=\"wp-block-button\"><a class=\"wp-block-button__link wp-element-button\" href=\"https:\/\/www.te.gob.mx\/front3\/bulletins\/index\" target=\"_blank\" rel=\"noreferrer noopener\">Boletines de Prensa<\/a><\/div>\n<\/div>\n<\/div>\n\n\n\n<div class=\"wp-block-column is-layout-flow wp-block-column-is-layout-flow\">\n<div class=\"wp-block-buttons is-content-justification-center is-layout-flex wp-container-core-buttons-is-layout-a89b3969 wp-block-buttons-is-layout-flex\">\n<div class=\"wp-block-button\"><a class=\"wp-block-button__link wp-element-button\" href=\"https:\/\/www.te.gob.mx\/eje\/\" target=\"_blank\" rel=\"noreferrer noopener\">Escuela Judicial Electoral<\/a><\/div>\n<\/div>\n<\/div>\n<\/div>\n\n\n\n<div style=\"height:50px\" aria-hidden=\"true\" class=\"wp-block-spacer\"><\/div>\n\n\n\n<div class=\"wp-block-cover\"><span aria-hidden=\"true\" class=\"wp-block-cover__background has-background-dim\"><\/span><img decoding=\"async\" width=\"585\" height=\"310\" class=\"wp-block-cover__image-background wp-image-3298\" alt=\"\" src=\"https:\/\/cede.izt.uam.mx\/wp-content\/uploads\/2023\/04\/tepjf-exterior.png\" data-object-fit=\"cover\" srcset=\"https:\/\/cede.izt.uam.mx\/wp-content\/uploads\/2023\/04\/tepjf-exterior.png 585w, https:\/\/cede.izt.uam.mx\/wp-content\/uploads\/2023\/04\/tepjf-exterior-300x159.png 300w\" sizes=\"(max-width: 585px) 100vw, 585px\" \/><div class=\"wp-block-cover__inner-container is-layout-flow wp-block-cover-is-layout-flow\">\n<p class=\"has-text-align-center has-large-font-size\"><\/p>\n<\/div><\/div>\n","protected":false},"excerpt":{"rendered":"<p>Seguimiento del TEPJF 2023<\/p>\n","protected":false},"author":2,"featured_media":0,"parent":0,"menu_order":0,"comment_status":"closed","ping_status":"closed","template":"","meta":{"footnotes":""},"class_list":["post-3296","page","type-page","status-publish","hentry"],"blocksy_meta":[],"_links":{"self":[{"href":"https:\/\/cede.izt.uam.mx\/index.php\/wp-json\/wp\/v2\/pages\/3296","targetHints":{"allow":["GET"]}}],"collection":[{"href":"https:\/\/cede.izt.uam.mx\/index.php\/wp-json\/wp\/v2\/pages"}],"about":[{"href":"https:\/\/cede.izt.uam.mx\/index.php\/wp-json\/wp\/v2\/types\/page"}],"author":[{"embeddable":true,"href":"https:\/\/cede.izt.uam.mx\/index.php\/wp-json\/wp\/v2\/users\/2"}],"replies":[{"embeddable":true,"href":"https:\/\/cede.izt.uam.mx\/index.php\/wp-json\/wp\/v2\/comments?post=3296"}],"version-history":[{"count":0,"href":"https:\/\/cede.izt.uam.mx\/index.php\/wp-json\/wp\/v2\/pages\/3296\/revisions"}],"wp:attachment":[{"href":"https:\/\/cede.izt.uam.mx\/index.php\/wp-json\/wp\/v2\/media?parent=3296"}],"curies":[{"name":"wp","href":"https:\/\/api.w.org\/{rel}","templated":true}]}}